54.
6
Suppose 859*f - 605 = 848*f. Calculate the greatest common factor of f and 35.
5
Suppose 4*u + 16 = -3*x + x, -2*x = -3*u - 19. Let f be 3/(-3 + 2) - u. Let w be f/(-3)*12/(-8). Calculate the highest common divisor of w and 8.
1
Let q be (2/((-6)/3))/((-6)/54). Suppose q - 16 = -o. What is the highest common factor of o and 119?
7
Suppose 17000 = 4*v + 13*v. What is the highest common factor of 40 and v?
40
Let z = -849 + 873. What is the highest common divisor of 402 and z?
6
Suppose -2*k + 8 = 2*k. Suppose -11 = 101*q - 213. Suppose -k*f = -f - d - 18, -36 = -q*f + d. Calculate the highest common factor of 2 and f.
2
Suppose -2*j - 64 = -5*b + 4, 2*j = -5*b + 52. Suppose -b = -q + 4*q, -656 = -4*l + 2*q. Calculate the greatest common factor of l and 18.
18
Let c be ((-2)/(-11))/((-6)/(-66)). Suppose -5*x + 71 = 2*a, -3*a = -0*a - c*x - 97. Calculate the highest common factor of a and 11.
11
Let a(k) = k**3 + 28*k**2 + 38*k - 14. Let n be a(-26). What is the greatest common divisor of 35 and n?
35
Let x = 9 + -3. Let z(a) = -a**2 + 6*a + 8. Let v be z(x). Suppose 7*j - v = 6*j. What is the greatest common divisor of j and 32?
8
Let n(d) = -d**2 - 2*d + 135. Let p be n(10). What is the highest common factor of p and 3585?
15
Let l be -96*(80/(-15) + 5). What is the greatest common divisor of l and 232?
8
Let v be (-48)/(-5)*80/12. Let w be 6 - 4 - -4 - -2. What is the highest common factor of w and v?
8
Let o be (16/(-28))/(10/(-35)). Let p be 3/(-6)*5*6. Let d = p - -21. Calculate the highest common factor of d and o.
2
Suppose 1417 + 6107 = 9*g. What is the greatest common divisor of 44 and g?
44
Let o(w) = 9*w + 20. Let x be o(14). Suppose 5*i = -41 + x. What is the greatest common factor of i and 189?
21
Suppose -121 - 79 = -8*h. Let s be (-84)/10*(5 - h)*1. Calculate the highest common factor of 24 and s.
24
Suppose a = -4*w + 5, 6*w = 5*w + 3. Let x be (-75)/a + (-10)/(-35). Suppose 59*v - 42*v = 1309. Calculate the greatest common divisor of v and x.
11
Let q(p) = -p**3 + 9*p**2 + 18*p - 133. Let x be q(9). Calculate the highest common divisor of 1363 and x.
29
Let z be -2 - (-3 - -3) - (5 + -10). Calculate the highest common divisor of z and 9.
3
Let x(w) = 2*w**3 - w**2 - 3*w - 3. Let r be x(3). Let p be (-3)/(((-27)/(-84))/(-3)). Suppose -72 = -4*d - p. Calculate the greatest common factor of r and d.
11
Let z(m) = -m**3 + 7*m**2 + 48*m - 25. Let f be z(11). Let r be 2/7 + 1326/14. Calculate the highest common factor of r and f.
19
Let j be -1*1/(-1) + 10. Suppose -3*f - 66 = -b - 0*f, 2*b = -2*f + 132. What is the highest common divisor of b and j?
11
Let y = 488 - 477. What is the highest common factor of 473 and y?
11
Suppose -w - 155 = -2*g, -5*w + 3*g + 0*g - 803 = 0. Let r be 1/(-6) - w/6. Let a = 60 - r. What is the greatest common factor of a and 22?
11
Suppose 0 = -447*n + 462*n - 90. What is the greatest common divisor of n and 582?
6
Suppose h = -3 + 21. Let d(q) = 4 - 127*q**3 + 126*q**3 - 18*q**2 - 3 - 18*q. Let a be d(-17). What is the greatest common divisor of a and h?
18
Suppose 2*b - 4*b = 500. Let d = 178 + b. Let j be d/14*70/(-15). What is the highest common divisor of j and 96?
24
Let i be -19*10/6*186/(-155). Calculate the greatest common divisor of 152 and i.
38
Let j(b) = 4*b**2 - 3*b**2 - 1 + 3 + 3*b + 0*b**2. Let g be j(-2). Suppose 2*l - l - 165 = g. What is the greatest common divisor of 66 and l?
33
Suppose 0*z = z - 4*y - 24, -y = 3*z - 59. Let q(v) = -v**3 + 42*v**2 + 19*v + 1036. Let t be q(43). Calculate the greatest common divisor of z and t.
4
Let l(k) = -4*k + 33. Let v be l(7). Suppose 0 = -0*w + w - 52. Let i = w + v. What is the greatest common divisor of 19 and i?
19
Let h be ((-1374)/(-10) - 1)/(9/45). Calculate the highest common factor of h and 22.
22
Let c = -11 + 7. Let r(u) = -u**2 - 6*u - 1. Let y be r(c). Suppose 0*w = -3*w - p + 108, w = p + 32. Calculate the greatest common divisor of w and y.
7
Let a = -25 + 24. Let h be 2 - (100/(-4) + a). Calculate the greatest common factor of 4 and h.
4
Let z(v) = 6*v**2 - v. Let r be z(2). Suppose 5*m - 2*i = -55, 3*m + r + 11 = -3*i. Let g be (5 - m)/(4 - 2). Calculate the highest common divisor of 16 and g.
8
Let v be (-6)/72*4 - 469/(-21). Let r be 897/27 - (-2)/(-9). What is the highest common divisor of r and v?
11
Let c(m) be the third derivative of m**5/60 - m**4/24 - 3*m**3/2 + 13*m**2. Let l be c(4). Calculate the highest common factor of l and 12.
3
Let x be 15*(-5)/20*(-16)/3. What is the highest common factor of x and 50?
10
Suppose 4*r - 14 = 2*r. Suppose -7*d - r*d + 140 = 0. Calculate the greatest common factor of d and 20.
10
Suppose -33*b = -46*b + 585. Calculate the greatest common factor of b and 315.
45
Let j = 440 + 421. Calculate the highest common divisor of 42 and j.
21
Suppose 9*c - 33 - 57 = 0. What is the highest common factor of 190 and c?
10
Suppose 0 = 2*n + b - 38 - 25, 3*n = -4*b + 97. Suppose 30*s - 4*v = 35*s - 1725, -1715 = -5*s - 2*v. What is the highest common factor of n and s?
31
Suppose -56 = -5*k + k. Suppose 8*z + k - 206 = 0. What is the greatest common divisor of 3 and z?
3
Let a be -2 + 11 - 3*78/(-9). Suppose 0*q - 21 = -3*q. What is the highest common factor of a and q?
7
Suppose 10 = 2*g - g - 3*q, 2*g + 2*q - 4 = 0. Suppose 297 = g*x - x. Suppose -4*o - c = -46 + 13, 0 = c + 3. Calculate the greatest common divisor of o and x.
9
Suppose 5*s - 373 = -4*c - 0*c, 0 = 3*c - 4*s - 272. What is the greatest common factor of 40 and c?
4
Let a = -713 - -793. Calculate the highest common divisor of 144 and a.
16
Let k(w) = 2*w**2 - 2*w - 6. Let x be k(4). Calculate the highest common factor of 32 and x.
2
Suppose y - q = 2*y - 22, 5*y + 4*q = 112. Calculate the highest common factor of y and 408.
24
Let j(s) = -s**3 - 4*s**2 + 7*s + 7. Let y be 2/9 - (-156)/27. Let v be -2*7*3/y. Let m be j(v). Calculate the highest common factor of m and 15.
15
Suppose 66 = 2*z + z - m, -3*z = 3*m - 54. Suppose -3*a = -4*a + 21. What is the greatest common factor of z and a?
21
Let u(y) = y + 31. Let j be u(-13). Suppose 2*o + j = q, 5 = -4*o - 7. What is the highest common factor of q and 132?
12
Let k = -474 + 475. Calculate the greatest common divisor of 20 and k.
1
Let p = -7 - -4. Let q = p - -17. Let i(u) = -u**2 + 25*u + 18. Let k be i(8). What is the greatest common divisor of k and q?
14
Let f = -24 + 113. Suppose -4*x + 53 = -m - 2*x, 3*m + 2*x = -127. Let g = m + f. Calculate the greatest common factor of 4 and g.
4
Let z be (-24)/(-18)*(6 - -9). What is the greatest common factor of 460 and z?
20
Suppose -11*i + 14*i - 2985 = 5*l, 3*i = 4*l + 2988. Calculate the greatest common factor of 8 and i.
8
Suppose 1690 = 2*m + 2*d + 2*d, -5*d = 3*m - 2540. Calculate the highest common divisor of 45 and m.
45
Suppose 4*p + 2*h - 242 = 0, 0 = 2*p - 5*h - 48 - 67. What is the highest common factor of p and 24?
12
Suppose 2*j - n + 3*n = -14, 2*j = -n - 14. Let v be (20/(-35)*j)/((-1)/(-11)). Calculate the highest common divisor of 33 and v.
11
Let z(k) = k + 8. Let g be (-3 + 0 + 2)*7. Let n be z(g). Let u be (-6)/(-4 + 2)*n. Calculate the greatest common divisor of u and 2.
1
Suppose -7 = -2*q + 33. Let f be (-7)/((-42)/36) + 4. Calculate the highest common divisor of f and q.
10
Suppose 75*j - 210 = 70*j. What is the highest common factor of j and 105?
21
Let y = -266 - -421. Calculate the greatest common factor of 62 and y.
31
Let a be 3219/74 - (4 - 18/4). What is the highest common factor of a and 1342?
22
Let w = 5 + -2. Suppose 9 = -w*j + 249. Suppose 64 = 4*l + 4*m, 47 - 11 = l - 4*m. What is the greatest common factor of l and j?
20
Let o be 1/(-3) + (-44)/(-6). Let w(p) = 7*p - 21. Let b be w(11). What is the greatest common divisor of b and o?
7
Suppose f - 1 = 0, -f + 158 + 173 = 5*h. Suppose -1188 = 620*t - 656*t. Calculate the greatest common divisor of h and t.
33
Let j(x) = 12*x**2 - x + 3. Let s be j(2). What is the highest common factor of 7 and s?
7
Let g be 1/((-2)/5) + (-325)/(-26). Calculate the greatest common divisor of g and 40.
10
Suppose -2*u + 2 = 0, 4*u - 769 - 891 = 4*y. Let s = 203 + y. Let x = -99 - s. What is the greatest common factor of x and 14?
14
Let r(y) = y**2 - 17*y - 